{"id":1568,"date":"2020-08-31T00:46:02","date_gmt":"2020-08-30T22:46:02","guid":{"rendered":"http:\/\/www.globalcompact-tunisia.org\/test1\/?page_id=1568"},"modified":"2021-09-05T23:31:26","modified_gmt":"2021-09-05T21:31:26","slug":"quest-ce_que_le-global_compact","status":"publish","type":"page","link":"https:\/\/www.globalcompact-tunisia.org\/index.php\/quest-ce_que_le-global_compact\/","title":{"rendered":"Qu\u2019est-ce que le Global Compact"},"content":{"rendered":"<div id=\"pl-1568\"  class=\"panel-layout\" ><div id=\"pg-1568-0\"  class=\"panel-grid panel-has-style\" ><div class=\"siteorigin-panels-stretch panel-row-style panel-row-style-for-1568-0\" data-stretch-type=\"full\" ><div id=\"pgc-1568-0-0\"  class=\"panel-grid-cell panel-grid-cell-empty\" ><\/div><div id=\"pgc-1568-0-1\"  class=\"panel-grid-cell panel-grid-cell-mobile-last\" ><div class=\"overlay-c1 panel-cell-style panel-cell-style-for-1568-0-1\" ><div id=\"panel-1568-0-1-0\" class=\"so-panel widget panel-first-child panel-last-child\" data-index=\"0\" ><\/div><\/div><\/div><div id=\"pgc-1568-0-2\"  class=\"panel-grid-cell panel-grid-cell-empty\" ><\/div><\/div><\/div><div id=\"pg-1568-1\"  class=\"panel-grid panel-has-style\" ><div class=\"siteorigin-panels-stretch panel-row-style panel-row-style-for-1568-1\" data-stretch-type=\"padding-5\" ><div id=\"pgc-1568-1-0\"  class=\"panel-grid-cell\" ><div id=\"panel-1568-1-0-0\" class=\"so-panel widget panel-first-child\" data-index=\"1\" ><\/div><div id=\"panel-1568-1-0-1\" class=\"so-panel widget widget_text panel-last-child\" data-index=\"2\" ><div class=\"panel-widget-style panel-widget-style-for-1568-1-0-1\" >\t\t\t<div class=\"textwidget\"><p>Lanc\u00e9 en 2000 par l\u2019ancien Secr\u00e9taire G\u00e9n\u00e9ral des Nations Unies Kofi Annan, the United Nations Global Compact (en fran\u00e7ais le Pacte Mondial des Nations Unies) est un appel lanc\u00e9 aux entreprises pour qu\u2019elles alignent leurs strat\u00e9gies et processus d\u2019exploitation sur dix principes universels\u00a0: droits de l\u2019homme, normes internationales du travail, environnement et lutte contre la corruption, et qu\u2019elles prennent des mesures en faveur du progr\u00e8s social.<\/p>\n<p>Aujourd\u2019hui, le Pacte Mondial des Nations Unies est la plus importante initiative internationale d\u2019engagement volontaire en mati\u00e8re de d\u00e9veloppement durable, regroupant plus de 13 000 participants dans 170 pays. Pr\u00e8s de 70 r\u00e9seaux locaux dans le monde assurent une relation de proximit\u00e9 avec les membres et une mobilisation nationale.<br \/>\nLe Pacte Mondial est \u00e9galement le point de d\u00e9part pour toute organisation cherchant \u00e0 soutenir les 17 Objectifs de D\u00e9veloppement Durable (ODD) adopt\u00e9s en septembre 2015 par les 193 \u00c9tats membres des Nations Unies. Ces objectifs offrent un agenda universel \u00e0 atteindre d\u2019ici 2030 pour construire un monde plus durable et inclusif.<\/p>\n<\/div>\n\t\t<\/div><\/div><\/div><div id=\"pgc-1568-1-1\"  class=\"panel-grid-cell\" ><div id=\"panel-1568-1-1-0\" class=\"so-panel widget widget_media_image panel-first-child panel-last-child\" data-index=\"3\" ><img loading=\"lazy\" decoding=\"async\" width=\"1093\" height=\"728\" src=\"https:\/\/www.globalcompact-tunisia.org\/wp-content\/uploads\/2020\/08\/kofi_annan_1.jpg\" class=\"image wp-image-1569  attachment-full size-full\" alt=\"\" style=\"max-width: 100%; height: auto;\" srcset=\"https:\/\/www.globalcompact-tunisia.org\/wp-content\/uploads\/2020\/08\/kofi_annan_1.jpg 1093w, https:\/\/www.globalcompact-tunisia.org\/wp-content\/uploads\/2020\/08\/kofi_annan_1-300x200.jpg 300w, https:\/\/www.globalcompact-tunisia.org\/wp-content\/uploads\/2020\/08\/kofi_annan_1-768x512.jpg 768w, https:\/\/www.globalcompact-tunisia.org\/wp-content\/uploads\/2020\/08\/kofi_annan_1-1024x682.jpg 1024w, https:\/\/www.globalcompact-tunisia.org\/wp-content\/uploads\/2020\/08\/kofi_annan_1-750x500.jpg 750w, https:\/\/www.globalcompact-tunisia.org\/wp-content\/uploads\/2020\/08\/kofi_annan_1-272x182.jpg 272w\" sizes=\"auto, (max-width: 1093px) 100vw, 1093px\" \/><\/div><\/div><\/div><\/div><\/div>","protected":false},"excerpt":{"rendered":"<p>Lanc\u00e9 en 2000 par l\u2019ancien Secr\u00e9taire G\u00e9n\u00e9ral des Nations Unies Kofi Annan, the United Nations Global Compact (en fran\u00e7ais le Pacte Mondial des Nations Unies) est un appel lanc\u00e9 aux entreprises pour qu\u2019elles alignent leurs strat\u00e9gies et processus d\u2019exploitation sur dix principes universels\u00a0: droits de l\u2019homme, normes internationales du travail, environnement et lutte contre la [&hellip;]<\/p>\n","protected":false},"author":1,"featured_media":0,"parent":0,"menu_order":0,"comment_status":"closed","ping_status":"closed","template":"","meta":{"_price":"","_stock":"","_tribe_ticket_header":"","_tribe_default_ticket_provider":"","_tribe_ticket_capacity":"0","_ticket_start_date":"","_ticket_end_date":"","_tribe_ticket_show_description":"","_tribe_ticket_show_not_going":false,"_tribe_ticket_use_global_stock":"","_tribe_ticket_global_stock_level":"","_global_stock_mode":"","_global_stock_cap":"","_tribe_rsvp_for_event":"","_tribe_ticket_going_count":"","_tribe_ticket_not_going_count":"","_tribe_tickets_list":[],"_tribe_ticket_has_attendee_info_fields":false,"footnotes":""},"class_list":["post-1568","page","type-page","status-publish","hentry","post"],"ticketed":false,"_links":{"self":[{"href":"https:\/\/www.globalcompact-tunisia.org\/index.php\/wp-json\/wp\/v2\/pages\/1568","targetHints":{"allow":["GET"]}}],"collection":[{"href":"https:\/\/www.globalcompact-tunisia.org\/index.php\/wp-json\/wp\/v2\/pages"}],"about":[{"href":"https:\/\/www.globalcompact-tunisia.org\/index.php\/wp-json\/wp\/v2\/types\/page"}],"author":[{"embeddable":true,"href":"https:\/\/www.globalcompact-tunisia.org\/index.php\/wp-json\/wp\/v2\/users\/1"}],"replies":[{"embeddable":true,"href":"https:\/\/www.globalcompact-tunisia.org\/index.php\/wp-json\/wp\/v2\/comments?post=1568"}],"version-history":[{"count":88,"href":"https:\/\/www.globalcompact-tunisia.org\/index.php\/wp-json\/wp\/v2\/pages\/1568\/revisions"}],"predecessor-version":[{"id":2947,"href":"https:\/\/www.globalcompact-tunisia.org\/index.php\/wp-json\/wp\/v2\/pages\/1568\/revisions\/2947"}],"wp:attachment":[{"href":"https:\/\/www.globalcompact-tunisia.org\/index.php\/wp-json\/wp\/v2\/media?parent=1568"}],"curies":[{"name":"wp","href":"https:\/\/api.w.org\/{rel}","templated":true}]}}

<div id="pl-1568"  class="panel-layout" ><div id="pg-1568-0"  class="panel-grid panel-has-style" ><div class="siteorigin-panels-stretch panel-row-style panel-row-style-for-1568-0" data-stretch-type="full" ><div id="pgc-1568-0-0"  class="panel-grid-cell panel-grid-cell-empty" ></div><div id="pgc-1568-0-1"  class="panel-grid-cell panel-grid-cell-mobile-last" ><div class="overlay-c1 panel-cell-style panel-cell-style-for-1568-0-1" ><div id="panel-1568-0-1-0" class="so-panel widget panel-first-child panel-last-child" data-index="0" ></div></div></div><div id="pgc-1568-0-2"  class="panel-grid-cell panel-grid-cell-empty" ></div></div></div><div id="pg-1568-1"  class="panel-grid panel-has-style" ><div class="siteorigin-panels-stretch panel-row-style panel-row-style-for-1568-1" data-stretch-type="padding-5" ><div id="pgc-1568-1-0"  class="panel-grid-cell" ><div id="panel-1568-1-0-0" class="so-panel widget panel-first-child" data-index="1" ></div><div id="panel-1568-1-0-1" class="so-panel widget widget_text panel-last-child" data-index="2" ><div class="panel-widget-style panel-widget-style-for-1568-1-0-1" >			<div class="textwidget"><p>Lancé en 2000 par l’ancien Secrétaire Général des Nations Unies Kofi Annan, the United Nations Global Compact (en français le Pacte Mondial des Nations Unies) est un appel lancé aux entreprises pour qu’elles alignent leurs stratégies et processus d’exploitation sur dix principes universels : droits de l’homme, normes internationales du travail, environnement et lutte contre la corruption, et qu’elles prennent des mesures en faveur du progrès social.</p>
<p>Aujourd’hui, le Pacte Mondial des Nations Unies est la plus importante initiative internationale d’engagement volontaire en matière de développement durable, regroupant plus de 13 000 participants dans 170 pays. Près de 70 réseaux locaux dans le monde assurent une relation de proximité avec les membres et une mobilisation nationale.<br />
Le Pacte Mondial est également le point de départ pour toute organisation cherchant à soutenir les 17 Objectifs de Développement Durable (ODD) adoptés en septembre 2015 par les 193 États membres des Nations Unies. Ces objectifs offrent un agenda universel à atteindre d’ici 2030 pour construire un monde plus durable et inclusif.</p>
</div>
		</div></div></div><div id="pgc-1568-1-1"  class="panel-grid-cell" ><div id="panel-1568-1-1-0" class="so-panel widget widget_media_image panel-first-child panel-last-child" data-index="3" ><img loading="lazy" decoding="async" width="1093" height="728" src="https://www.globalcompact-tunisia.org/wp-content/uploads/2020/08/kofi_annan_1.jpg" class="image wp-image-1569  attachment-full size-full" alt="" style="max-width: 100%; height: auto;" srcset="https://www.globalcompact-tunisia.org/wp-content/uploads/2020/08/kofi_annan_1.jpg 1093w, https://www.globalcompact-tunisia.org/wp-content/uploads/2020/08/kofi_annan_1-300x200.jpg 300w, https://www.globalcompact-tunisia.org/wp-content/uploads/2020/08/kofi_annan_1-768x512.jpg 768w, https://www.globalcompact-tunisia.org/wp-content/uploads/2020/08/kofi_annan_1-1024x682.jpg 1024w, https://www.globalcompact-tunisia.org/wp-content/uploads/2020/08/kofi_annan_1-750x500.jpg 750w, https://www.globalcompact-tunisia.org/wp-content/uploads/2020/08/kofi_annan_1-272x182.jpg 272w" sizes="auto, (max-width: 1093px) 100vw, 1093px" /></div></div></div></div></div>

<p>Lancé en 2000 par l’ancien Secrétaire Général des Nations Unies Kofi Annan, the United Nations Global Compact (en français le Pacte Mondial des Nations Unies) est un appel lancé aux entreprises pour qu’elles alignent leurs stratégies et processus d’exploitation sur dix principes universels : droits de l’homme, normes internationales du travail, environnement et lutte contre la [&hellip;]</p>
