{"id":1636,"date":"2020-09-05T19:46:19","date_gmt":"2020-09-05T17:46:19","guid":{"rendered":"http:\/\/www.globalcompact-tunisia.org\/test1\/?page_id=1636"},"modified":"2021-09-06T00:32:37","modified_gmt":"2021-09-05T22:32:37","slug":"les-dix-principes-du-global-compact","status":"publish","type":"page","link":"https:\/\/www.globalcompact-tunisia.org\/index.php\/les-dix-principes-du-global-compact\/","title":{"rendered":"Les dix principes du GLOBAL COMPACT"},"content":{"rendered":"<div id=\"pl-1636\"  class=\"panel-layout\" ><div id=\"pg-1636-0\"  class=\"panel-grid panel-has-style\" ><div class=\"siteorigin-panels-stretch panel-row-style panel-row-style-for-1636-0\" data-stretch-type=\"full\" ><div id=\"pgc-1636-0-0\"  class=\"panel-grid-cell panel-grid-cell-empty\" ><\/div><div id=\"pgc-1636-0-1\"  class=\"panel-grid-cell panel-grid-cell-mobile-last\" ><div class=\"overlay-c1 panel-cell-style panel-cell-style-for-1636-0-1\" ><div id=\"panel-1636-0-1-0\" class=\"so-panel widget panel-first-child panel-last-child\" data-index=\"0\" ><\/div><\/div><\/div><div id=\"pgc-1636-0-2\"  class=\"panel-grid-cell panel-grid-cell-empty\" ><\/div><\/div><\/div><div id=\"pg-1636-1\"  class=\"panel-grid panel-has-style\" ><div class=\"siteorigin-panels-stretch panel-row-style panel-row-style-for-1636-1\" data-stretch-type=\"full\" ><div id=\"pgc-1636-1-0\"  class=\"panel-grid-cell\" ><div id=\"panel-1636-1-0-0\" class=\"so-panel widget widget_text panel-first-child\" data-index=\"1\" ><div class=\"panel-widget-style panel-widget-style-for-1636-1-0-0\" >\t\t\t<div class=\"textwidget\"><div style=\"text-align: justify;\">\n<p>Le Global Compact propose un cadre d\u2019engagement simple, universel et volontaire, qui s\u2019articule autour de dix principes relatifs au respect des droits humains, aux normes internationales du travail, \u00e0 l\u2019environnement et \u00e0 la lutte contre la corruption<br \/>\nEn incorporant les dix principes du Global Compact dans leurs strat\u00e9gies, politiques et proc\u00e9dures et en instaurant une culture d\u2019int\u00e9grit\u00e9, les entreprises assument leurs responsabilit\u00e9s fondamentales envers les personnes et la plan\u00e8te et ouvrent la voie au succ\u00e8s \u00e0 long terme.<br \/>\nLes dix principes du Global Compact des Nations Unies sont d\u00e9riv\u00e9s de la D\u00e9claration Universelle des droits de l\u2019homme, la D\u00e9claration de l\u2019Organisation Internationale du Travail relative aux principes et droits fondamentaux au travail, la D\u00e9claration de Rio sur l\u2019environnement et le d\u00e9veloppement et la Convention des Nations Unies contre la corruption.<\/p>\n<\/div>\n<\/div>\n\t\t<\/div><\/div><div id=\"panel-1636-1-0-1\" class=\"so-panel widget panel-last-child\" data-index=\"2\" ><\/div><\/div><\/div><\/div><\/div>","protected":false},"excerpt":{"rendered":"<p>Lorem ipsum dolor sit amet, consectetuer. Proin gravida nibh vel velit auctor aliquet. Aenean sollicitudin, lorem quis bibendum auctor, nisi elit consequat ipsum.<\/p>\n","protected":false},"author":1,"featured_media":1373,"parent":0,"menu_order":0,"comment_status":"closed","ping_status":"closed","template":"","meta":{"_price":"","_stock":"","_tribe_ticket_header":"","_tribe_default_ticket_provider":"","_tribe_ticket_capacity":"0","_ticket_start_date":"","_ticket_end_date":"","_tribe_ticket_show_description":"","_tribe_ticket_show_not_going":false,"_tribe_ticket_use_global_stock":"","_tribe_ticket_global_stock_level":"","_global_stock_mode":"","_global_stock_cap":"","_tribe_rsvp_for_event":"","_tribe_ticket_going_count":"","_tribe_ticket_not_going_count":"","_tribe_tickets_list":[],"_tribe_ticket_has_attendee_info_fields":false,"footnotes":""},"class_list":["post-1636","page","type-page","status-publish","has-post-thumbnail","hentry","post"],"ticketed":false,"_links":{"self":[{"href":"https:\/\/www.globalcompact-tunisia.org\/index.php\/wp-json\/wp\/v2\/pages\/1636","targetHints":{"allow":["GET"]}}],"collection":[{"href":"https:\/\/www.globalcompact-tunisia.org\/index.php\/wp-json\/wp\/v2\/pages"}],"about":[{"href":"https:\/\/www.globalcompact-tunisia.org\/index.php\/wp-json\/wp\/v2\/types\/page"}],"author":[{"embeddable":true,"href":"https:\/\/www.globalcompact-tunisia.org\/index.php\/wp-json\/wp\/v2\/users\/1"}],"replies":[{"embeddable":true,"href":"https:\/\/www.globalcompact-tunisia.org\/index.php\/wp-json\/wp\/v2\/comments?post=1636"}],"version-history":[{"count":53,"href":"https:\/\/www.globalcompact-tunisia.org\/index.php\/wp-json\/wp\/v2\/pages\/1636\/revisions"}],"predecessor-version":[{"id":2955,"href":"https:\/\/www.globalcompact-tunisia.org\/index.php\/wp-json\/wp\/v2\/pages\/1636\/revisions\/2955"}],"wp:featuredmedia":[{"embeddable":true,"href":"https:\/\/www.globalcompact-tunisia.org\/index.php\/wp-json\/wp\/v2\/media\/1373"}],"wp:attachment":[{"href":"https:\/\/www.globalcompact-tunisia.org\/index.php\/wp-json\/wp\/v2\/media?parent=1636"}],"curies":[{"name":"wp","href":"https:\/\/api.w.org\/{rel}","templated":true}]}}