{"id":1838,"date":"2021-03-05T23:57:26","date_gmt":"2021-03-05T22:57:26","guid":{"rendered":"http:\/\/www.globalcompact-tunisia.org\/test1\/?page_id=1838"},"modified":"2021-08-31T02:18:36","modified_gmt":"2021-08-31T00:18:36","slug":"les-17-objectifs-de-developpement-durable","status":"publish","type":"page","link":"https:\/\/www.globalcompact-tunisia.org\/index.php\/les-17-objectifs-de-developpement-durable\/","title":{"rendered":"Les 17 Objectifs de d\u00e9veloppement Durable"},"content":{"rendered":"<div id=\"pl-1838\"  class=\"panel-layout\" ><div id=\"pg-1838-0\"  class=\"panel-grid panel-has-style\" ><div class=\"siteorigin-panels-stretch panel-row-style panel-row-style-for-1838-0\" data-stretch-type=\"full\" ><div id=\"pgc-1838-0-0\"  class=\"panel-grid-cell panel-grid-cell-empty\" ><\/div><div id=\"pgc-1838-0-1\"  class=\"panel-grid-cell panel-grid-cell-mobile-last\" ><div class=\"overlay-c1 panel-cell-style panel-cell-style-for-1838-0-1\" ><div id=\"panel-1838-0-1-0\" class=\"so-panel widget panel-first-child panel-last-child\" data-index=\"0\" ><\/div><\/div><\/div><div id=\"pgc-1838-0-2\"  class=\"panel-grid-cell panel-grid-cell-empty\" ><\/div><\/div><\/div><div id=\"pg-1838-1\"  class=\"panel-grid panel-has-style\" ><div class=\"siteorigin-panels-stretch panel-row-style panel-row-style-for-1838-1\" data-stretch-type=\"full\" ><div id=\"pgc-1838-1-0\"  class=\"panel-grid-cell\" ><div id=\"panel-1838-1-0-0\" class=\"so-panel widget panel-first-child\" data-index=\"1\" ><\/div><div id=\"panel-1838-1-0-1\" class=\"so-panel widget widget_media_image\" data-index=\"2\" ><img loading=\"lazy\" decoding=\"async\" width=\"300\" height=\"35\" src=\"https:\/\/www.globalcompact-tunisia.org\/wp-content\/uploads\/2021\/03\/objectifs-300x35.png\" class=\"image wp-image-1842  attachment-medium size-medium\" alt=\"\" style=\"max-width: 100%; height: auto;\" srcset=\"https:\/\/www.globalcompact-tunisia.org\/wp-content\/uploads\/2021\/03\/objectifs-300x35.png 300w, https:\/\/www.globalcompact-tunisia.org\/wp-content\/uploads\/2021\/03\/objectifs-768x90.png 768w, https:\/\/www.globalcompact-tunisia.org\/wp-content\/uploads\/2021\/03\/objectifs-1024x120.png 1024w, https:\/\/www.globalcompact-tunisia.org\/wp-content\/uploads\/2021\/03\/objectifs-750x88.png 750w, https:\/\/www.globalcompact-tunisia.org\/wp-content\/uploads\/2021\/03\/objectifs.png 1386w\" sizes=\"auto, (max-width: 300px) 100vw, 300px\" \/><\/div><div id=\"panel-1838-1-0-2\" class=\"so-panel widget widget_text panel-last-child\" data-index=\"3\" >\t\t\t<div class=\"textwidget\"><p>Les 17 Objectifs de D\u00e9veloppement Durable (ODD ou Agenda 2030) ont \u00e9t\u00e9 adopt\u00e9s en septembre 2015 par 193 pays aux Nations Unies dont la Tunisie, \u00e0 la suite des Objectifs du Mill\u00e9naire pour le D\u00e9veloppement (OMD). Ils constituent un plan d\u2019action pour la paix, l\u2019humanit\u00e9, la plan\u00e8te et la prosp\u00e9rit\u00e9, n\u00e9cessitant la mise en \u0153uvre de partenariats multi-acteurs et ambitionnent de transformer nos soci\u00e9t\u00e9s en \u00e9radiquant la pauvret\u00e9 et en assurant une transition juste vers un d\u00e9veloppement durable d\u2019ici \u00e0 2030.<\/p>\n<p>Universels, inclusifs et interconnect\u00e9s, ces objectifs appellent \u00e0 l\u2019action de tous et instaurent un langage commun universel. Les ODD constituent un cadre de r\u00e9f\u00e9rence pour agir, un outil de sensibilisation, une source d\u2019opportunit\u00e9s \u00e9conomiques et un levier de collaboration multi-acteurs.<\/p>\n<p>Ces 17 objectifs s\u2019accompagnent de 169 cibles li\u00e9es entre elles, s\u2019adressant \u00e0 tous types d\u2019acteurs et pr\u00e9cisant leur contenu. Il est essentiel d\u2019en prendre connaissance en vue d\u2019identifier les ODD les plus pertinents pour toute organisation.<\/p>\n<\/div>\n\t\t<\/div><\/div><\/div><\/div><div id=\"pg-1838-2\"  class=\"panel-grid panel-has-style\" ><div class=\"siteorigin-panels-stretch panel-row-style panel-row-style-for-1838-2\" data-stretch-type=\"full\" ><div id=\"pgc-1838-2-0\"  class=\"panel-grid-cell\" ><div id=\"panel-1838-2-0-0\" class=\"so-panel widget widget_media_image panel-first-child panel-last-child\" data-index=\"4\" ><a href=\"https:\/\/www.un.org\/sustainabledevelopment\/fr\/poverty\/\"><img loading=\"lazy\" decoding=\"async\" width=\"280\" height=\"280\" src=\"https:\/\/www.globalcompact-tunisia.org\/wp-content\/uploads\/2021\/03\/obj1.png\" class=\"image wp-image-1843  attachment-full size-full\" alt=\"\" style=\"max-width: 100%; height: auto;\" srcset=\"https:\/\/www.globalcompact-tunisia.org\/wp-content\/uploads\/2021\/03\/obj1.png 280w, https:\/\/www.globalcompact-tunisia.org\/wp-content\/uploads\/2021\/03\/obj1-150x150.png 150w\" sizes=\"auto, (max-width: 280px) 100vw, 280px\" \/><\/a><\/div><\/div><div id=\"pgc-1838-2-1\"  class=\"panel-grid-cell\" ><div id=\"panel-1838-2-1-0\" class=\"so-panel widget widget_media_image panel-first-child panel-last-child\" data-index=\"5\" ><a href=\"https:\/\/www.un.org\/sustainabledevelopment\/fr\/hunger\/\"><img loading=\"lazy\" decoding=\"async\" width=\"279\" height=\"279\" src=\"https:\/\/www.globalcompact-tunisia.org\/wp-content\/uploads\/2021\/03\/OBJ2.png\" class=\"image wp-image-1860  attachment-full size-full\" alt=\"\" style=\"max-width: 100%; height: auto;\" srcset=\"https:\/\/www.globalcompact-tunisia.org\/wp-content\/uploads\/2021\/03\/OBJ2.png 279w, https:\/\/www.globalcompact-tunisia.org\/wp-content\/uploads\/2021\/03\/OBJ2-150x150.png 150w\" sizes=\"auto, (max-width: 279px) 100vw, 279px\" \/><\/a><\/div><\/div><div id=\"pgc-1838-2-2\"  class=\"panel-grid-cell\" ><div id=\"panel-1838-2-2-0\" class=\"so-panel widget widget_media_image panel-first-child panel-last-child\" data-index=\"6\" ><a href=\"https:\/\/www.un.org\/sustainabledevelopment\/fr\/health\"><img loading=\"lazy\" decoding=\"async\" width=\"280\" height=\"280\" src=\"https:\/\/www.globalcompact-tunisia.org\/wp-content\/uploads\/2021\/03\/obj3.png\" class=\"image wp-image-1861  attachment-full size-full\" alt=\"\" style=\"max-width: 100%; height: auto;\" srcset=\"https:\/\/www.globalcompact-tunisia.org\/wp-content\/uploads\/2021\/03\/obj3.png 280w, https:\/\/www.globalcompact-tunisia.org\/wp-content\/uploads\/2021\/03\/obj3-150x150.png 150w\" sizes=\"auto, (max-width: 280px) 100vw, 280px\" \/><\/a><\/div><\/div><div id=\"pgc-1838-2-3\"  class=\"panel-grid-cell\" ><div id=\"panel-1838-2-3-0\" class=\"so-panel widget widget_media_image panel-first-child panel-last-child\" data-index=\"7\" ><a href=\"https:\/\/www.un.org\/sustainabledevelopment\/fr\/education\/\"><img loading=\"lazy\" decoding=\"async\" width=\"279\" height=\"279\" src=\"https:\/\/www.globalcompact-tunisia.org\/wp-content\/uploads\/2021\/03\/obj4.png\" class=\"image wp-image-1862  attachment-full size-full\" alt=\"\" style=\"max-width: 100%; height: auto;\" srcset=\"https:\/\/www.globalcompact-tunisia.org\/wp-content\/uploads\/2021\/03\/obj4.png 279w, https:\/\/www.globalcompact-tunisia.org\/wp-content\/uploads\/2021\/03\/obj4-150x150.png 150w\" sizes=\"auto, (max-width: 279px) 100vw, 279px\" \/><\/a><\/div><\/div><div id=\"pgc-1838-2-4\"  class=\"panel-grid-cell\" ><div id=\"panel-1838-2-4-0\" class=\"so-panel widget widget_media_image panel-first-child panel-last-child\" data-index=\"8\" ><a href=\"https:\/\/www.un.org\/sustainabledevelopment\/fr\/gender-equality\/\"><img loading=\"lazy\" decoding=\"async\" width=\"280\" height=\"280\" src=\"https:\/\/www.globalcompact-tunisia.org\/wp-content\/uploads\/2021\/03\/obj5.png\" class=\"image wp-image-1863  attachment-full size-full\" alt=\"\" style=\"max-width: 100%; height: auto;\" srcset=\"https:\/\/www.globalcompact-tunisia.org\/wp-content\/uploads\/2021\/03\/obj5.png 280w, https:\/\/www.globalcompact-tunisia.org\/wp-content\/uploads\/2021\/03\/obj5-150x150.png 150w\" sizes=\"auto, (max-width: 280px) 100vw, 280px\" \/><\/a><\/div><\/div><div id=\"pgc-1838-2-5\"  class=\"panel-grid-cell\" ><div id=\"panel-1838-2-5-0\" class=\"so-panel widget widget_media_image panel-first-child panel-last-child\" data-index=\"9\" ><a href=\"https:\/\/www.un.org\/sustainabledevelopment\/fr\/water-and-sanitation\/\"><img loading=\"lazy\" decoding=\"async\" width=\"280\" height=\"280\" src=\"https:\/\/www.globalcompact-tunisia.org\/wp-content\/uploads\/2021\/03\/obj6.png\" class=\"image wp-image-1864  attachment-full size-full\" alt=\"\" style=\"max-width: 100%; height: auto;\" srcset=\"https:\/\/www.globalcompact-tunisia.org\/wp-content\/uploads\/2021\/03\/obj6.png 280w, https:\/\/www.globalcompact-tunisia.org\/wp-content\/uploads\/2021\/03\/obj6-150x150.png 150w\" sizes=\"auto, (max-width: 280px) 100vw, 280px\" \/><\/a><\/div><\/div><\/div><\/div><div id=\"pg-1838-3\"  class=\"panel-grid panel-has-style\" ><div class=\"siteorigin-panels-stretch panel-row-style panel-row-style-for-1838-3\" data-stretch-type=\"full\" ><div id=\"pgc-1838-3-0\"  class=\"panel-grid-cell\" ><div id=\"panel-1838-3-0-0\" class=\"so-panel widget widget_media_image panel-first-child panel-last-child\" data-index=\"10\" ><a href=\"https:\/\/www.un.org\/sustainabledevelopment\/fr\/energy\/\"><img loading=\"lazy\" decoding=\"async\" width=\"277\" height=\"277\" src=\"https:\/\/www.globalcompact-tunisia.org\/wp-content\/uploads\/2021\/03\/obj7.png\" class=\"image wp-image-1865  attachment-full size-full\" alt=\"\" style=\"max-width: 100%; height: auto;\" srcset=\"https:\/\/www.globalcompact-tunisia.org\/wp-content\/uploads\/2021\/03\/obj7.png 277w, https:\/\/www.globalcompact-tunisia.org\/wp-content\/uploads\/2021\/03\/obj7-150x150.png 150w\" sizes=\"auto, (max-width: 277px) 100vw, 277px\" \/><\/a><\/div><\/div><div id=\"pgc-1838-3-1\"  class=\"panel-grid-cell\" ><div id=\"panel-1838-3-1-0\" class=\"so-panel widget widget_media_image panel-first-child panel-last-child\" data-index=\"11\" ><a href=\"https:\/\/www.un.org\/sustainabledevelopment\/fr\/economic-growth\/\"><img loading=\"lazy\" decoding=\"async\" width=\"277\" height=\"277\" src=\"https:\/\/www.globalcompact-tunisia.org\/wp-content\/uploads\/2021\/03\/obj8.png\" class=\"image wp-image-1866  attachment-full size-full\" alt=\"\" style=\"max-width: 100%; height: auto;\" srcset=\"https:\/\/www.globalcompact-tunisia.org\/wp-content\/uploads\/2021\/03\/obj8.png 277w, https:\/\/www.globalcompact-tunisia.org\/wp-content\/uploads\/2021\/03\/obj8-150x150.png 150w\" sizes=\"auto, (max-width: 277px) 100vw, 277px\" \/><\/a><\/div><\/div><div id=\"pgc-1838-3-2\"  class=\"panel-grid-cell\" ><div id=\"panel-1838-3-2-0\" class=\"so-panel widget widget_media_image panel-first-child panel-last-child\" data-index=\"12\" ><a href=\"https:\/\/www.un.org\/sustainabledevelopment\/fr\/infrastructure\/\"><img loading=\"lazy\" decoding=\"async\" width=\"273\" height=\"273\" src=\"https:\/\/www.globalcompact-tunisia.org\/wp-content\/uploads\/2021\/03\/obj9.png\" class=\"image wp-image-1867  attachment-full size-full\" alt=\"\" style=\"max-width: 100%; height: auto;\" srcset=\"https:\/\/www.globalcompact-tunisia.org\/wp-content\/uploads\/2021\/03\/obj9.png 273w, https:\/\/www.globalcompact-tunisia.org\/wp-content\/uploads\/2021\/03\/obj9-150x150.png 150w\" sizes=\"auto, (max-width: 273px) 100vw, 273px\" \/><\/a><\/div><\/div><div id=\"pgc-1838-3-3\"  class=\"panel-grid-cell\" ><div id=\"panel-1838-3-3-0\" class=\"so-panel widget widget_media_image panel-first-child panel-last-child\" data-index=\"13\" ><a href=\"https:\/\/www.un.org\/sustainabledevelopment\/fr\/inequality\/\"><img loading=\"lazy\" decoding=\"async\" width=\"280\" height=\"280\" src=\"https:\/\/www.globalcompact-tunisia.org\/wp-content\/uploads\/2021\/03\/obj10.png\" class=\"image wp-image-1868  attachment-full size-full\" alt=\"\" style=\"max-width: 100%; height: auto;\" srcset=\"https:\/\/www.globalcompact-tunisia.org\/wp-content\/uploads\/2021\/03\/obj10.png 280w, https:\/\/www.globalcompact-tunisia.org\/wp-content\/uploads\/2021\/03\/obj10-150x150.png 150w\" sizes=\"auto, (max-width: 280px) 100vw, 280px\" \/><\/a><\/div><\/div><div id=\"pgc-1838-3-4\"  class=\"panel-grid-cell\" ><div id=\"panel-1838-3-4-0\" class=\"so-panel widget widget_media_image panel-first-child panel-last-child\" data-index=\"14\" ><a href=\"https:\/\/www.un.org\/sustainabledevelopment\/fr\/cities\/\"><img loading=\"lazy\" decoding=\"async\" width=\"284\" height=\"284\" src=\"https:\/\/www.globalcompact-tunisia.org\/wp-content\/uploads\/2021\/03\/obj11.png\" class=\"image wp-image-1869  attachment-full size-full\" alt=\"\" style=\"max-width: 100%; height: auto;\" srcset=\"https:\/\/www.globalcompact-tunisia.org\/wp-content\/uploads\/2021\/03\/obj11.png 284w, https:\/\/www.globalcompact-tunisia.org\/wp-content\/uploads\/2021\/03\/obj11-150x150.png 150w\" sizes=\"auto, (max-width: 284px) 100vw, 284px\" \/><\/a><\/div><\/div><div id=\"pgc-1838-3-5\"  class=\"panel-grid-cell\" ><div id=\"panel-1838-3-5-0\" class=\"so-panel widget widget_media_image panel-first-child panel-last-child\" data-index=\"15\" ><a href=\"https:\/\/www.un.org\/sustainabledevelopment\/fr\/sustainable-consumption-production\/\"><img loading=\"lazy\" decoding=\"async\" width=\"278\" height=\"278\" src=\"https:\/\/www.globalcompact-tunisia.org\/wp-content\/uploads\/2021\/03\/obj12.png\" class=\"image wp-image-1870  attachment-full size-full\" alt=\"\" style=\"max-width: 100%; height: auto;\" srcset=\"https:\/\/www.globalcompact-tunisia.org\/wp-content\/uploads\/2021\/03\/obj12.png 278w, https:\/\/www.globalcompact-tunisia.org\/wp-content\/uploads\/2021\/03\/obj12-150x150.png 150w\" sizes=\"auto, (max-width: 278px) 100vw, 278px\" \/><\/a><\/div><\/div><\/div><\/div><div id=\"pg-1838-4\"  class=\"panel-grid panel-has-style\" ><div class=\"siteorigin-panels-stretch panel-row-style panel-row-style-for-1838-4\" data-stretch-type=\"full\" ><div id=\"pgc-1838-4-0\"  class=\"panel-grid-cell\" ><div id=\"panel-1838-4-0-0\" class=\"so-panel widget widget_media_image panel-first-child panel-last-child\" data-index=\"16\" ><a href=\"https:\/\/www.un.org\/sustainabledevelopment\/fr\/climate-change-2\/\"><img loading=\"lazy\" decoding=\"async\" width=\"290\" height=\"290\" src=\"https:\/\/www.globalcompact-tunisia.org\/wp-content\/uploads\/2021\/03\/obj13.png\" class=\"image wp-image-1871  attachment-full size-full\" alt=\"\" style=\"max-width: 100%; height: auto;\" srcset=\"https:\/\/www.globalcompact-tunisia.org\/wp-content\/uploads\/2021\/03\/obj13.png 290w, https:\/\/www.globalcompact-tunisia.org\/wp-content\/uploads\/2021\/03\/obj13-150x150.png 150w\" sizes=\"auto, (max-width: 290px) 100vw, 290px\" \/><\/a><\/div><\/div><div id=\"pgc-1838-4-1\"  class=\"panel-grid-cell\" ><div id=\"panel-1838-4-1-0\" class=\"so-panel widget widget_media_image panel-first-child panel-last-child\" data-index=\"17\" ><a href=\"https:\/\/www.un.org\/sustainabledevelopment\/fr\/oceans\/\"><img loading=\"lazy\" decoding=\"async\" width=\"276\" height=\"276\" src=\"https:\/\/www.globalcompact-tunisia.org\/wp-content\/uploads\/2021\/03\/obj14.png\" class=\"image wp-image-1872  attachment-full size-full\" alt=\"\" style=\"max-width: 100%; height: auto;\" srcset=\"https:\/\/www.globalcompact-tunisia.org\/wp-content\/uploads\/2021\/03\/obj14.png 276w, https:\/\/www.globalcompact-tunisia.org\/wp-content\/uploads\/2021\/03\/obj14-150x150.png 150w\" sizes=\"auto, (max-width: 276px) 100vw, 276px\" \/><\/a><\/div><\/div><div id=\"pgc-1838-4-2\"  class=\"panel-grid-cell\" ><div id=\"panel-1838-4-2-0\" class=\"so-panel widget widget_media_image panel-first-child panel-last-child\" data-index=\"18\" ><a href=\"https:\/\/www.un.org\/sustainabledevelopment\/fr\/biodiversity\/\"><img loading=\"lazy\" decoding=\"async\" width=\"282\" height=\"282\" src=\"https:\/\/www.globalcompact-tunisia.org\/wp-content\/uploads\/2021\/03\/obj15.png\" class=\"image wp-image-1873  attachment-full size-full\" alt=\"\" style=\"max-width: 100%; height: auto;\" srcset=\"https:\/\/www.globalcompact-tunisia.org\/wp-content\/uploads\/2021\/03\/obj15.png 282w, https:\/\/www.globalcompact-tunisia.org\/wp-content\/uploads\/2021\/03\/obj15-150x150.png 150w\" sizes=\"auto, (max-width: 282px) 100vw, 282px\" \/><\/a><\/div><\/div><div id=\"pgc-1838-4-3\"  class=\"panel-grid-cell\" ><div id=\"panel-1838-4-3-0\" class=\"so-panel widget widget_media_image panel-first-child panel-last-child\" data-index=\"19\" ><a href=\"https:\/\/www.un.org\/sustainabledevelopment\/fr\/peace-justice\/\"><img loading=\"lazy\" decoding=\"async\" width=\"279\" height=\"279\" src=\"https:\/\/www.globalcompact-tunisia.org\/wp-content\/uploads\/2021\/03\/obj16.png\" class=\"image wp-image-1874  attachment-full size-full\" alt=\"\" style=\"max-width: 100%; height: auto;\" srcset=\"https:\/\/www.globalcompact-tunisia.org\/wp-content\/uploads\/2021\/03\/obj16.png 279w, https:\/\/www.globalcompact-tunisia.org\/wp-content\/uploads\/2021\/03\/obj16-150x150.png 150w\" sizes=\"auto, (max-width: 279px) 100vw, 279px\" \/><\/a><\/div><\/div><div id=\"pgc-1838-4-4\"  class=\"panel-grid-cell\" ><div id=\"panel-1838-4-4-0\" class=\"so-panel widget widget_media_image panel-first-child panel-last-child\" data-index=\"20\" ><a href=\"https:\/\/www.un.org\/sustainabledevelopment\/fr\/globalpartnerships\/\"><img loading=\"lazy\" decoding=\"async\" width=\"262\" height=\"262\" src=\"https:\/\/www.globalcompact-tunisia.org\/wp-content\/uploads\/2021\/03\/obj17.png\" class=\"image wp-image-1875  attachment-full size-full\" alt=\"\" style=\"max-width: 100%; height: auto;\" srcset=\"https:\/\/www.globalcompact-tunisia.org\/wp-content\/uploads\/2021\/03\/obj17.png 262w, https:\/\/www.globalcompact-tunisia.org\/wp-content\/uploads\/2021\/03\/obj17-150x150.png 150w\" sizes=\"auto, (max-width: 262px) 100vw, 262px\" \/><\/a><\/div><\/div><div id=\"pgc-1838-4-5\"  class=\"panel-grid-cell\" ><div id=\"panel-1838-4-5-0\" class=\"so-panel widget widget_media_image panel-first-child panel-last-child\" data-index=\"21\" ><a href=\"https:\/\/www.un.org\/sustainabledevelopment\/fr\/objectifs-de-developpement-durable\/\"><img loading=\"lazy\" decoding=\"async\" width=\"296\" height=\"246\" src=\"https:\/\/www.globalcompact-tunisia.org\/wp-content\/uploads\/2021\/03\/obj18.png\" class=\"image wp-image-1876  attachment-full size-full\" alt=\"\" style=\"max-width: 100%; height: auto;\" \/><\/a><\/div><\/div><\/div><\/div><div id=\"pg-1838-5\"  class=\"panel-grid panel-has-style\" ><div class=\"siteorigin-panels-stretch panel-row-style panel-row-style-for-1838-5\" data-stretch-type=\"padding-5\" ><div id=\"pgc-1838-5-0\"  class=\"panel-grid-cell\" ><div id=\"panel-1838-5-0-0\" class=\"so-panel widget panel-first-child\" data-index=\"22\" ><\/div><div id=\"panel-1838-5-0-1\" class=\"so-panel widget widget_text panel-last-child\" data-index=\"23\" ><div class=\"panel-widget-style panel-widget-style-for-1838-5-0-1\" >\t\t\t<div class=\"textwidget\"><p>La Tunisie fait partie des 193 pays qui ont adopt\u00e9 les 17 objectifs du Programme de d\u00e9veloppement durable \u00e0 l\u2019horizon 2030 lors du sommet extraordinaire des Nations Unies qui s\u2019est tenu \u00e0 New York du 25 au 27 septembre 2015.<\/p>\n<p>La Tunisie s\u2019est engag\u00e9e dans la r\u00e9alisation de ce programme en 2015 et a r\u00e9it\u00e9r\u00e9 cet engagement \u00e0 travers la signature du programme conjoint entre le Gouvernement Tunisien et le syst\u00e8me des Nations Unies en mai 2018 pour un \u00ab Appui \u00e0 l\u2019int\u00e9gration, la mise en place d\u2019un dispositif de suivi-\u00e9valuation et de reporting des ODD en Tunisie \u00bb.<\/p>\n<p>Dans la continuit\u00e9 de cet engagement et en signe d\u2019adh\u00e9sion \u00e0 la revue volontaire institu\u00e9e par le Conseil Economique et Social des Nations Unies, la Tunisie pr\u00e9sente le 18 juillet 2019 lors du Forum politique de haut niveau sur le d\u00e9veloppement durable \u00e0 New York, une revue nationale volontaire (RNV) retra\u00e7ant la d\u00e9marche et le processus de mise en \u0153uvre des Objectifs de D\u00e9veloppement Durable (ODD)<\/p>\n<\/div>\n\t\t<\/div><\/div><\/div><div id=\"pgc-1838-5-1\"  class=\"panel-grid-cell\" ><div id=\"panel-1838-5-1-0\" class=\"so-panel widget widget_media_image panel-first-child\" data-index=\"24\" ><div class=\"panel-widget-style panel-widget-style-for-1838-5-1-0\" ><a href=\"http:\/\/www.mdici.gov.tn\/wp-content\/uploads\/2019\/07\/Rapport-National-Volontaire-2019-Tunisie.pdf\"><img loading=\"lazy\" decoding=\"async\" width=\"1075\" height=\"1499\" src=\"https:\/\/www.globalcompact-tunisia.org\/wp-content\/uploads\/2021\/03\/page_1.jpg\" class=\"image wp-image-2044  attachment-full size-full\" alt=\"\" style=\"max-width: 100%; height: auto;\" srcset=\"https:\/\/www.globalcompact-tunisia.org\/wp-content\/uploads\/2021\/03\/page_1.jpg 1075w, https:\/\/www.globalcompact-tunisia.org\/wp-content\/uploads\/2021\/03\/page_1-215x300.jpg 215w, https:\/\/www.globalcompact-tunisia.org\/wp-content\/uploads\/2021\/03\/page_1-768x1071.jpg 768w, https:\/\/www.globalcompact-tunisia.org\/wp-content\/uploads\/2021\/03\/page_1-734x1024.jpg 734w, https:\/\/www.globalcompact-tunisia.org\/wp-content\/uploads\/2021\/03\/page_1-750x1046.jpg 750w\" sizes=\"auto, (max-width: 1075px) 100vw, 1075px\" \/><\/a><\/div><\/div><div id=\"panel-1838-5-1-1\" class=\"so-panel widget widget_text panel-last-child\" data-index=\"25\" ><div class=\"panel-widget-style panel-widget-style-for-1838-5-1-1\" >\t\t\t<div class=\"textwidget\"><p>Pour consulter le Rapport National Volontaire sur la mise en \u0153uvre des OBJECTIFS DE DEVELOPPEMENT DURABLE cliquez <a href=\"http:\/\/www.mdici.gov.tn\/wp-content\/uploads\/2019\/07\/Rapport-National-Volontaire-2019-Tunisie.pdf\">Ici.<\/a><\/p>\n<\/div>\n\t\t<\/div><\/div><\/div><\/div><\/div><div id=\"pg-1838-6\"  class=\"panel-grid panel-has-style\" ><div class=\"siteorigin-panels-stretch panel-row-style panel-row-style-for-1838-6\" data-stretch-type=\"full\" ><div id=\"pgc-1838-6-0\"  class=\"panel-grid-cell\" ><div id=\"panel-1838-6-0-0\" class=\"so-panel widget panel-first-child\" data-index=\"26\" ><\/div><div id=\"panel-1838-6-0-1\" class=\"so-panel widget widget_text\" data-index=\"27\" >\t\t\t<div class=\"textwidget\"><p>Si les ODD sont aujourd\u2019hui au c\u0153ur de notre action,\u00a0les dix principes du\u00a0Global Compact demeurent la base de l\u2019engagement des entreprises envers les Nations Unies\u00a0et leurs parties prenantes.<\/p>\n<p>Les entreprises doivent d\u2019abord s\u2019assurer de les respecter et de les mettre en \u0153uvre avant de pouvoir soutenir concr\u00e8tement les ODD.<\/p>\n<p>Retrouvez ci-apr\u00e8s les corr\u00e9lations\u00a0entre les\u00a0dix principes\u00a0du Global Compact des Nations Unies et les\u00a017 ODD\u00a0des Nations Unies.<\/p>\n<\/div>\n\t\t<\/div><div id=\"panel-1838-6-0-2\" class=\"so-panel widget widget_sow-image panel-last-child\" data-index=\"28\" ><div\n\t\t\t\n\t\t\tclass=\"so-widget-sow-image so-widget-sow-image-default-8b5b6f678277-1838\"\n\t\t\t\n\t\t>\n\n<div class=\"sow-image-container\">\n\t\t<img loading=\"lazy\" decoding=\"async\" src=\"https:\/\/www.globalcompact-tunisia.org\/wp-content\/uploads\/2021\/03\/1017.jpg\" width=\"1387\" height=\"981\" srcset=\"https:\/\/www.globalcompact-tunisia.org\/wp-content\/uploads\/2021\/03\/1017.jpg 1387w, https:\/\/www.globalcompact-tunisia.org\/wp-content\/uploads\/2021\/03\/1017-300x212.jpg 300w, https:\/\/www.globalcompact-tunisia.org\/wp-content\/uploads\/2021\/03\/1017-768x543.jpg 768w, https:\/\/www.globalcompact-tunisia.org\/wp-content\/uploads\/2021\/03\/1017-1024x724.jpg 1024w, https:\/\/www.globalcompact-tunisia.org\/wp-content\/uploads\/2021\/03\/1017-750x530.jpg 750w\" sizes=\"auto, (max-width: 1387px) 100vw, 1387px\" alt=\"\" \t\tclass=\"so-widget-image\"\/>\n\t<\/div>\n\n<\/div><\/div><\/div><\/div><\/div><\/div>","protected":false},"excerpt":{"rendered":"<p>Lorem ipsum dolor sit amet, consectetuer. Proin gravida nibh vel velit auctor aliquet. Aenean sollicitudin, lorem quis bibendum auctor, nisi elit consequat ipsum.<\/p>\n","protected":false},"author":1,"featured_media":1373,"parent":0,"menu_order":0,"comment_status":"closed","ping_status":"closed","template":"","meta":{"_price":"","_stock":"","_tribe_ticket_header":"","_tribe_default_ticket_provider":"","_tribe_ticket_capacity":"0","_ticket_start_date":"","_ticket_end_date":"","_tribe_ticket_show_description":"","_tribe_ticket_show_not_going":false,"_tribe_ticket_use_global_stock":"","_tribe_ticket_global_stock_level":"","_global_stock_mode":"","_global_stock_cap":"","_tribe_rsvp_for_event":"","_tribe_ticket_going_count":"","_tribe_ticket_not_going_count":"","_tribe_tickets_list":[],"_tribe_ticket_has_attendee_info_fields":false,"footnotes":""},"class_list":["post-1838","page","type-page","status-publish","has-post-thumbnail","hentry","post"],"ticketed":false,"_links":{"self":[{"href":"https:\/\/www.globalcompact-tunisia.org\/index.php\/wp-json\/wp\/v2\/pages\/1838","targetHints":{"allow":["GET"]}}],"collection":[{"href":"https:\/\/www.globalcompact-tunisia.org\/index.php\/wp-json\/wp\/v2\/pages"}],"about":[{"href":"https:\/\/www.globalcompact-tunisia.org\/index.php\/wp-json\/wp\/v2\/types\/page"}],"author":[{"embeddable":true,"href":"https:\/\/www.globalcompact-tunisia.org\/index.php\/wp-json\/wp\/v2\/users\/1"}],"replies":[{"embeddable":true,"href":"https:\/\/www.globalcompact-tunisia.org\/index.php\/wp-json\/wp\/v2\/comments?post=1838"}],"version-history":[{"count":50,"href":"https:\/\/www.globalcompact-tunisia.org\/index.php\/wp-json\/wp\/v2\/pages\/1838\/revisions"}],"predecessor-version":[{"id":2904,"href":"https:\/\/www.globalcompact-tunisia.org\/index.php\/wp-json\/wp\/v2\/pages\/1838\/revisions\/2904"}],"wp:featuredmedia":[{"embeddable":true,"href":"https:\/\/www.globalcompact-tunisia.org\/index.php\/wp-json\/wp\/v2\/media\/1373"}],"wp:attachment":[{"href":"https:\/\/www.globalcompact-tunisia.org\/index.php\/wp-json\/wp\/v2\/media?parent=1838"}],"curies":[{"name":"wp","href":"https:\/\/api.w.org\/{rel}","templated":true}]}}