{"id":1927,"date":"2021-03-14T23:19:59","date_gmt":"2021-03-14T22:19:59","guid":{"rendered":"http:\/\/www.globalcompact-tunisia.org\/test1\/?page_id=1927"},"modified":"2021-09-02T00:53:06","modified_gmt":"2021-09-01T22:53:06","slug":"communication-sur-le-progres-cop","status":"publish","type":"page","link":"https:\/\/www.globalcompact-tunisia.org\/index.php\/communication-sur-le-progres-cop\/","title":{"rendered":"Communication sur le Progr\u00e8s COP"},"content":{"rendered":"<div id=\"pl-1927\"  class=\"panel-layout\" ><div id=\"pg-1927-0\"  class=\"panel-grid panel-has-style\" ><div class=\"siteorigin-panels-stretch panel-row-style panel-row-style-for-1927-0\" data-stretch-type=\"full\" ><div id=\"pgc-1927-0-0\"  class=\"panel-grid-cell panel-grid-cell-empty\" ><\/div><div id=\"pgc-1927-0-1\"  class=\"panel-grid-cell panel-grid-cell-mobile-last\" ><div class=\"overlay-c1 panel-cell-style panel-cell-style-for-1927-0-1\" ><div id=\"panel-1927-0-1-0\" class=\"so-panel widget panel-first-child panel-last-child\" data-index=\"0\" ><\/div><\/div><\/div><div id=\"pgc-1927-0-2\"  class=\"panel-grid-cell panel-grid-cell-empty\" ><\/div><\/div><\/div><div id=\"pg-1927-1\"  class=\"panel-grid panel-has-style\" ><div class=\"siteorigin-panels-stretch panel-row-style panel-row-style-for-1927-1\" data-stretch-type=\"padding-5\" ><div id=\"pgc-1927-1-0\"  class=\"panel-grid-cell\" ><div id=\"panel-1927-1-0-0\" class=\"so-panel widget widget_text panel-first-child panel-last-child\" data-index=\"1\" ><div class=\"panel-widget-style panel-widget-style-for-1927-1-0-0\" >\t\t\t<div class=\"textwidget\"><p>Les entreprises membres du Global Compact ont pris l&rsquo;engagement de mettre en \u0153uvre\u00a0<strong>Di<\/strong><strong>x\u00a0<\/strong><strong>principes\u00a0universels<\/strong>\u00a0et de communiquer annuellement sur les progr\u00e8s r\u00e9alis\u00e9s, \u00e0 travers un document r\u00e9dig\u00e9 \u00e0 cet effet : la Communication sur le Progr\u00e8s ou COP.<\/p>\n<p><strong>La premi\u00e8re Communication sur le Progr\u00e8s (COP) doit \u00eatre publi\u00e9e au maximum un an apr\u00e8s la date d&rsquo;adh\u00e9sion.\u00a0<\/strong>Ensuite, l&rsquo;entreprise doit communiquer\u00a0<strong>tous les ans<\/strong>\u00a0avant la date anniversaire de sa derni\u00e8re publication.<\/p>\n<\/div>\n\t\t<\/div><\/div><\/div><div id=\"pgc-1927-1-1\"  class=\"panel-grid-cell\" ><div id=\"panel-1927-1-1-0\" class=\"so-panel widget widget_text panel-first-child\" data-index=\"2\" ><div class=\"panel-widget-style panel-widget-style-for-1927-1-1-0\" >\t\t\t<div class=\"textwidget\"><p>Il existe 3 niveaux de reporting au Pacte Mondial, qui d\u00e9finit l&rsquo;int\u00e9gration des principes du Global Compact \u00e0 la COP :\u00a0GC Learner,\u00a0GC Active<strong>,\u00a0<\/strong>GC Advanced.<\/p>\n<\/div>\n\t\t<\/div><\/div><div id=\"panel-1927-1-1-1\" class=\"so-panel widget panel-last-child\" data-index=\"3\" ><div class=\"panel-widget-style panel-widget-style-for-1927-1-1-1\" ><\/div><\/div><\/div><\/div><\/div><div id=\"pg-1927-2\"  class=\"panel-grid panel-has-style\" ><div class=\"siteorigin-panels-stretch panel-row-style panel-row-style-for-1927-2\" data-stretch-type=\"padding-5\" ><div id=\"pgc-1927-2-0\"  class=\"panel-grid-cell\" ><div id=\"panel-1927-2-0-0\" class=\"so-panel widget panel-first-child\" data-index=\"4\" ><\/div><div id=\"panel-1927-2-0-1\" class=\"so-panel widget widget_text panel-last-child\" data-index=\"5\" ><div class=\"panel-widget-style panel-widget-style-for-1927-2-0-1\" >\t\t\t<div class=\"textwidget\"><p>Les\u00a0Communications sur le Progr\u00e8s<strong>\u00a0<\/strong>doivent comporter\u00a0<strong>3 parties obligatoires\u00a0<\/strong>:<\/p>\n<ol>\n<li><strong>Le renouvellement de l&rsquo;engagement<\/strong>\u00a0\u00e0 respecter et \u00e0 mettre en \u0153uvre les Dix principes du Global Compact, sign\u00e9 par le plus haut responsable de l&rsquo;entreprise<\/li>\n<li><strong>Une description d\u00e9taill\u00e9e des actions<\/strong>\u00a0mises en place sur les 4 th\u00e8mes du Global Compact (ou 2 th\u00e8mes au niveau GC Learner)<\/li>\n<li><strong>Les r\u00e9sultats chiffr\u00e9s<\/strong>\u00a0de ces actions ; obtenus ou attendus.<\/li>\n<\/ol>\n<\/div>\n\t\t<\/div><\/div><\/div><div id=\"pgc-1927-2-1\"  class=\"panel-grid-cell\" ><div id=\"panel-1927-2-1-0\" class=\"so-panel widget panel-first-child\" data-index=\"6\" ><\/div><div id=\"panel-1927-2-1-1\" class=\"so-panel widget widget_text panel-last-child\" data-index=\"7\" ><div class=\"panel-widget-style panel-widget-style-for-1927-2-1-1\" >\t\t\t<div class=\"textwidget\"><ul>\n<li>Le format d\u2019une COP est flexible (document PDF, PowerPoint, infographie, etc.). Elle peut \u00eatre r\u00e9dig\u00e9e dans toutes les langues, id\u00e9alement celle des parties prenantes. Il est pr\u00e9f\u00e9rable d&rsquo;utiliser une publication d\u00e9j\u00e0 existante (ex\u00a0: rapport RSE\/d\u00e9veloppement durable,\u00a0DPEF, etc.) pour constituer votre COP, \u00e0 la condition\u00a0que les trois parties obligatoires cit\u00e9es pr\u00e9c\u00e9demment apparaissent.<\/li>\n<\/ul>\n<\/div>\n\t\t<\/div><\/div><\/div><\/div><\/div><div id=\"pg-1927-3\"  class=\"panel-grid panel-no-style\" ><div id=\"pgc-1927-3-0\"  class=\"panel-grid-cell\" ><div id=\"panel-1927-3-0-0\" class=\"so-panel widget panel-first-child\" data-index=\"8\" ><\/div><div id=\"panel-1927-3-0-1\" class=\"so-panel widget widget_text\" data-index=\"9\" ><div class=\"panel-widget-style panel-widget-style-for-1927-3-0-1\" >\t\t\t<div class=\"textwidget\"><p>La COP\u00a0doit \u00eatre publi\u00e9e sur le site du Global Compact, par l&rsquo;entreprise, avant la deadline de soumission. Cette deadline est consultable sur le site du\u00a0Global Compact des Nations Unies <a href=\"http:\/\/www.unglobalcompact.org\">www.unglobalcompact.org<\/a>.<\/p>\n<p>Si l&rsquo;entreprise ne publie pas sa COP dans les d\u00e9lais requis, elle sera consid\u00e9r\u00e9e comme \u00ab\u00a0non-communicante\u00a0\u00bb et\u00a0exclue du Global Compact un an plus tard si elle n&rsquo;a toujours pas publi\u00e9 sa COP. Au besoin il est possible de demander un d\u00e9lai de 3 mois suppl\u00e9mentaires.<\/p>\n<p>Afin d\u2019\u00eatre en coh\u00e9rence avec le processus de reporting interne \u00e0 l\u2019entreprise, il est \u00e9galement possible de demander une harmonisation entre la date de publication de la COP et son\u00a0reporting extra-financier annuel.<\/p>\n<p>Le r\u00e9seau Global Compact Tunisie est \u00e0 votre disposition pour vous accompagner dans la r\u00e9daction, la relecture de votre COP et la mise \u00e0 disposition de COP de qualit\u00e9.<\/p>\n<\/div>\n\t\t<\/div><\/div><div id=\"panel-1927-3-0-2\" class=\"so-panel widget panel-last-child\" data-index=\"10\" ><\/div><\/div><\/div><\/div>","protected":false},"excerpt":{"rendered":"<p>Les entreprises membres du Global Compact ont pris l&rsquo;engagement de mettre en \u0153uvre\u00a0Dix\u00a0principes\u00a0universels\u00a0et de communiquer annuellement sur les progr\u00e8s r\u00e9alis\u00e9s, \u00e0 travers un document r\u00e9dig\u00e9 \u00e0 cet effet : la Communication sur le Progr\u00e8s ou COP. La premi\u00e8re Communication sur le Progr\u00e8s (COP) doit \u00eatre publi\u00e9e au maximum un an apr\u00e8s la date d&rsquo;adh\u00e9sion.\u00a0Ensuite, l&rsquo;entreprise [&hellip;]<\/p>\n","protected":false},"author":1,"featured_media":0,"parent":0,"menu_order":0,"comment_status":"closed","ping_status":"closed","template":"","meta":{"_price":"","_stock":"","_tribe_ticket_header":"","_tribe_default_ticket_provider":"","_tribe_ticket_capacity":"0","_ticket_start_date":"","_ticket_end_date":"","_tribe_ticket_show_description":"","_tribe_ticket_show_not_going":false,"_tribe_ticket_use_global_stock":"","_tribe_ticket_global_stock_level":"","_global_stock_mode":"","_global_stock_cap":"","_tribe_rsvp_for_event":"","_tribe_ticket_going_count":"","_tribe_ticket_not_going_count":"","_tribe_tickets_list":[],"_tribe_ticket_has_attendee_info_fields":false,"footnotes":""},"class_list":["post-1927","page","type-page","status-publish","hentry","post"],"ticketed":false,"_links":{"self":[{"href":"https:\/\/www.globalcompact-tunisia.org\/index.php\/wp-json\/wp\/v2\/pages\/1927","targetHints":{"allow":["GET"]}}],"collection":[{"href":"https:\/\/www.globalcompact-tunisia.org\/index.php\/wp-json\/wp\/v2\/pages"}],"about":[{"href":"https:\/\/www.globalcompact-tunisia.org\/index.php\/wp-json\/wp\/v2\/types\/page"}],"author":[{"embeddable":true,"href":"https:\/\/www.globalcompact-tunisia.org\/index.php\/wp-json\/wp\/v2\/users\/1"}],"replies":[{"embeddable":true,"href":"https:\/\/www.globalcompact-tunisia.org\/index.php\/wp-json\/wp\/v2\/comments?post=1927"}],"version-history":[{"count":56,"href":"https:\/\/www.globalcompact-tunisia.org\/index.php\/wp-json\/wp\/v2\/pages\/1927\/revisions"}],"predecessor-version":[{"id":2941,"href":"https:\/\/www.globalcompact-tunisia.org\/index.php\/wp-json\/wp\/v2\/pages\/1927\/revisions\/2941"}],"wp:attachment":[{"href":"https:\/\/www.globalcompact-tunisia.org\/index.php\/wp-json\/wp\/v2\/media?parent=1927"}],"curies":[{"name":"wp","href":"https:\/\/api.w.org\/{rel}","templated":true}]}}

Communication sur le Progrès COP

<div id="pl-1927"  class="panel-layout" ><div id="pg-1927-0"  class="panel-grid panel-has-style" ><div class="siteorigin-panels-stretch panel-row-style panel-row-style-for-1927-0" data-stretch-type="full" ><div id="pgc-1927-0-0"  class="panel-grid-cell panel-grid-cell-empty" ></div><div id="pgc-1927-0-1"  class="panel-grid-cell panel-grid-cell-mobile-last" ><div class="overlay-c1 panel-cell-style panel-cell-style-for-1927-0-1" ><div id="panel-1927-0-1-0" class="so-panel widget panel-first-child panel-last-child" data-index="0" ></div></div></div><div id="pgc-1927-0-2"  class="panel-grid-cell panel-grid-cell-empty" ></div></div></div><div id="pg-1927-1"  class="panel-grid panel-has-style" ><div class="siteorigin-panels-stretch panel-row-style panel-row-style-for-1927-1" data-stretch-type="padding-5" ><div id="pgc-1927-1-0"  class="panel-grid-cell" ><div id="panel-1927-1-0-0" class="so-panel widget widget_text panel-first-child panel-last-child" data-index="1" ><div class="panel-widget-style panel-widget-style-for-1927-1-0-0" >			<div class="textwidget"><p>Les entreprises membres du Global Compact ont pris l&rsquo;engagement de mettre en œuvre <strong>Di</strong><strong>x </strong><strong>principes universels</strong> et de communiquer annuellement sur les progrès réalisés, à travers un document rédigé à cet effet : la Communication sur le Progrès ou COP.</p>
<p><strong>La première Communication sur le Progrès (COP) doit être publiée au maximum un an après la date d&rsquo;adhésion. </strong>Ensuite, l&rsquo;entreprise doit communiquer <strong>tous les ans</strong> avant la date anniversaire de sa dernière publication.</p>
</div>
		</div></div></div><div id="pgc-1927-1-1"  class="panel-grid-cell" ><div id="panel-1927-1-1-0" class="so-panel widget widget_text panel-first-child" data-index="2" ><div class="panel-widget-style panel-widget-style-for-1927-1-1-0" >			<div class="textwidget"><p>Il existe 3 niveaux de reporting au Pacte Mondial, qui définit l&rsquo;intégration des principes du Global Compact à la COP : GC Learner, GC Active<strong>, </strong>GC Advanced.</p>
</div>
		</div></div><div id="panel-1927-1-1-1" class="so-panel widget panel-last-child" data-index="3" ><div class="panel-widget-style panel-widget-style-for-1927-1-1-1" ></div></div></div></div></div><div id="pg-1927-2"  class="panel-grid panel-has-style" ><div class="siteorigin-panels-stretch panel-row-style panel-row-style-for-1927-2" data-stretch-type="padding-5" ><div id="pgc-1927-2-0"  class="panel-grid-cell" ><div id="panel-1927-2-0-0" class="so-panel widget panel-first-child" data-index="4" ></div><div id="panel-1927-2-0-1" class="so-panel widget widget_text panel-last-child" data-index="5" ><div class="panel-widget-style panel-widget-style-for-1927-2-0-1" >			<div class="textwidget"><p>Les Communications sur le Progrès<strong> </strong>doivent comporter <strong>3 parties obligatoires </strong>:</p>
<ol>
<li><strong>Le renouvellement de l&rsquo;engagement</strong> à respecter et à mettre en œuvre les Dix principes du Global Compact, signé par le plus haut responsable de l&rsquo;entreprise</li>
<li><strong>Une description détaillée des actions</strong> mises en place sur les 4 thèmes du Global Compact (ou 2 thèmes au niveau GC Learner)</li>
<li><strong>Les résultats chiffrés</strong> de ces actions ; obtenus ou attendus.</li>
</ol>
</div>
		</div></div></div><div id="pgc-1927-2-1"  class="panel-grid-cell" ><div id="panel-1927-2-1-0" class="so-panel widget panel-first-child" data-index="6" ></div><div id="panel-1927-2-1-1" class="so-panel widget widget_text panel-last-child" data-index="7" ><div class="panel-widget-style panel-widget-style-for-1927-2-1-1" >			<div class="textwidget"><ul>
<li>Le format d’une COP est flexible (document PDF, PowerPoint, infographie, etc.). Elle peut être rédigée dans toutes les langues, idéalement celle des parties prenantes. Il est préférable d&rsquo;utiliser une publication déjà existante (ex : rapport RSE/développement durable, DPEF, etc.) pour constituer votre COP, à la condition que les trois parties obligatoires citées précédemment apparaissent.</li>
</ul>
</div>
		</div></div></div></div></div><div id="pg-1927-3"  class="panel-grid panel-no-style" ><div id="pgc-1927-3-0"  class="panel-grid-cell" ><div id="panel-1927-3-0-0" class="so-panel widget panel-first-child" data-index="8" ></div><div id="panel-1927-3-0-1" class="so-panel widget widget_text" data-index="9" ><div class="panel-widget-style panel-widget-style-for-1927-3-0-1" >			<div class="textwidget"><p>La COP doit être publiée sur le site du Global Compact, par l&rsquo;entreprise, avant la deadline de soumission. Cette deadline est consultable sur le site du Global Compact des Nations Unies <a href="http://www.unglobalcompact.org">www.unglobalcompact.org</a>.</p>
<p>Si l&rsquo;entreprise ne publie pas sa COP dans les délais requis, elle sera considérée comme « non-communicante » et exclue du Global Compact un an plus tard si elle n&rsquo;a toujours pas publié sa COP. Au besoin il est possible de demander un délai de 3 mois supplémentaires.</p>
<p>Afin d’être en cohérence avec le processus de reporting interne à l’entreprise, il est également possible de demander une harmonisation entre la date de publication de la COP et son reporting extra-financier annuel.</p>
<p>Le réseau Global Compact Tunisie est à votre disposition pour vous accompagner dans la rédaction, la relecture de votre COP et la mise à disposition de COP de qualité.</p>
</div>
		</div></div><div id="panel-1927-3-0-2" class="so-panel widget panel-last-child" data-index="10" ></div></div></div></div>

<p>Les entreprises membres du Global Compact ont pris l&rsquo;engagement de mettre en œuvre Dix principes universels et de communiquer annuellement sur les progrès réalisés, à travers un document rédigé à cet effet : la Communication sur le Progrès ou COP. La première Communication sur le Progrès (COP) doit être publiée au maximum un an après la date d&rsquo;adhésion. Ensuite, l&rsquo;entreprise [&hellip;]</p>
