{"id":1987,"date":"2021-03-17T00:20:07","date_gmt":"2021-03-16T23:20:07","guid":{"rendered":"http:\/\/www.globalcompact-tunisia.org\/test1\/?page_id=1987"},"modified":"2021-09-01T01:21:39","modified_gmt":"2021-08-31T23:21:39","slug":"generalites","status":"publish","type":"page","link":"https:\/\/www.globalcompact-tunisia.org\/index.php\/generalites\/","title":{"rendered":"G\u00e9n\u00e9ralit\u00e9s"},"content":{"rendered":"<div id=\"pl-1987\"  class=\"panel-layout\" ><div id=\"pg-1987-0\"  class=\"panel-grid panel-has-style\" ><div class=\"siteorigin-panels-stretch panel-row-style panel-row-style-for-1987-0\" data-stretch-type=\"full\" ><div id=\"pgc-1987-0-0\"  class=\"panel-grid-cell panel-grid-cell-empty\" ><\/div><div id=\"pgc-1987-0-1\"  class=\"panel-grid-cell panel-grid-cell-mobile-last\" ><div class=\"overlay-c1 panel-cell-style panel-cell-style-for-1987-0-1\" ><div id=\"panel-1987-0-1-0\" class=\"so-panel widget panel-first-child panel-last-child\" data-index=\"0\" ><\/div><\/div><\/div><div id=\"pgc-1987-0-2\"  class=\"panel-grid-cell panel-grid-cell-empty\" ><\/div><\/div><\/div><div id=\"pg-1987-1\"  class=\"panel-grid panel-has-style\" ><div class=\"siteorigin-panels-stretch panel-row-style panel-row-style-for-1987-1\" data-stretch-type=\"padding-5\" ><div id=\"pgc-1987-1-0\"  class=\"panel-grid-cell\" ><div id=\"panel-1987-1-0-0\" class=\"so-panel widget panel-first-child\" data-index=\"1\" ><\/div><div id=\"panel-1987-1-0-1\" class=\"so-panel widget widget_text panel-last-child\" data-index=\"2\" ><div class=\"panel-widget-style panel-widget-style-for-1987-1-0-1\" >\t\t\t<div class=\"textwidget\"><p>Le Global Compact des Nations Unies fournit un cadre universel pour la responsabilit\u00e9 des entreprises et constitue un guide pour toutes les entreprises ind\u00e9pendamment de leur taille, complexit\u00e9 ou leur emplacement afin d\u2019\u00e9valuer, d\u00e9finir, mettre en \u0153uvre, mesurer et communiquer leurs strat\u00e9gies de d\u00e9veloppement durable.<\/p>\n<\/div>\n\t\t<\/div><\/div><\/div><div id=\"pgc-1987-1-1\"  class=\"panel-grid-cell\" ><div id=\"panel-1987-1-1-0\" class=\"so-panel widget panel-first-child\" data-index=\"3\" ><\/div><div id=\"panel-1987-1-1-1\" class=\"so-panel widget widget_text panel-last-child\" data-index=\"4\" ><div class=\"panel-widget-style panel-widget-style-for-1987-1-1-1\" >\t\t\t<div class=\"textwidget\"><ul>\n<li>Mettre en valeur les actions de votre entreprise en faveur des Objectifs du D\u00e9veloppement Durable \u00e0 travers l\u2019adoption des 10 Principes du Global Compact des Nation Unies<\/li>\n<li>B\u00e9n\u00e9ficier d\u2019une plateforme d\u2019\u00e9change de bonnes pratiques entre des entreprises de diff\u00e9rentes tailles et diff\u00e9rents secteurs \u00e0 l\u2019\u00e9chelle nationale, r\u00e9gionale et internationale.<\/li>\n<li>Repr\u00e9senter votre entreprise dans des \u00e9v\u00e9nements de haut niveau tel que le Leaders Summit lors de l\u2019assembl\u00e9e g\u00e9n\u00e9rale des Nations Unies \u00e0 New York.<\/li>\n<li>Enrichir vos connaissances en mati\u00e8re de RSE et de D\u00e9veloppement Durable gr\u00e2ce aux ressources \u00e9lectroniques mis \u00e0 votre disposition.<\/li>\n<\/ul>\n<\/div>\n\t\t<\/div><\/div><\/div><\/div><\/div><div id=\"pg-1987-2\"  class=\"panel-grid panel-has-style\" ><div class=\"siteorigin-panels-stretch panel-row-style panel-row-style-for-1987-2\" data-stretch-type=\"padding-5\" ><div id=\"pgc-1987-2-0\"  class=\"panel-grid-cell\" ><div id=\"panel-1987-2-0-0\" class=\"so-panel widget panel-first-child\" data-index=\"5\" ><\/div><div id=\"panel-1987-2-0-1\" class=\"so-panel widget widget_text panel-last-child\" data-index=\"6\" ><div class=\"panel-widget-style panel-widget-style-for-1987-2-0-1\" >\t\t\t<div class=\"textwidget\"><p>Lorsque vous adh\u00e9rez au Global Compact des Nations Unies, vous prenez une mesure publique importante pour transformer notre monde gr\u00e2ce \u00e0 des activit\u00e9s fond\u00e9es sur dix principes.<\/p>\n<p>Les entreprises et les organisations ont un r\u00f4le essentiel \u00e0 jouer dans la construction de soci\u00e9t\u00e9s plus stables, inclusives et durables. Leurs parties prenantes (salari\u00e9s, clients, fournisseurs, sous-traitants, \u2026) sont de plus en plus vigilantes quant \u00e0 leurs pratiques et les invitent \u00e0 faire preuve de responsabilit\u00e9 dans les domaines \u00e9conomique, social, et environnemental, dans leurs strat\u00e9gies et leurs op\u00e9rations.<\/p>\n<p>En rejoignant le Global Compact des Nations Unies, vous pourrez ainsi contribuer au cadre d&rsquo;engagement universel de l&rsquo;ONU, internationalement reconnu, soutenir ses objectifs tout en\u00a0profitant d&rsquo;un\u00a0r\u00e9seau stimulant.<\/p>\n<\/div>\n\t\t<\/div><\/div><\/div><div id=\"pgc-1987-2-1\"  class=\"panel-grid-cell\" ><div id=\"panel-1987-2-1-0\" class=\"so-panel widget panel-first-child\" data-index=\"7\" ><\/div><div id=\"panel-1987-2-1-1\" class=\"so-panel widget widget_text\" data-index=\"8\" ><div class=\"panel-widget-style panel-widget-style-for-1987-2-1-1\" >\t\t\t<div class=\"textwidget\"><p>Vous pouvez contribuer \u00e0 rendre notre monde meilleur.\u00a0Les entreprises, les organisations de la soci\u00e9t\u00e9 civile, les associations professionnelles, les organisations syndicales, les \u00e9tablissements universitaires sont tous invit\u00e9s \u00e0 se joindre \u00e0 nous pour fa\u00e7onner un avenir durable et \u00e9quitable.<\/p>\n<\/div>\n\t\t<\/div><\/div><div id=\"panel-1987-2-1-2\" class=\"so-panel widget panel-last-child\" data-index=\"9\" ><div class=\"panel-widget-style panel-widget-style-for-1987-2-1-2\" ><\/div><\/div><\/div><\/div><\/div><div id=\"pg-1987-3\"  class=\"panel-grid panel-no-style\" ><div id=\"pgc-1987-3-0\"  class=\"panel-grid-cell\" ><div id=\"panel-1987-3-0-0\" class=\"so-panel widget panel-first-child panel-last-child\" data-index=\"10\" ><\/div><\/div><\/div><div id=\"pg-1987-4\"  class=\"panel-grid panel-has-style\" ><div class=\"siteorigin-panels-stretch panel-row-style panel-row-style-for-1987-4\" data-stretch-type=\"padding-5\" ><div id=\"pgc-1987-4-0\"  class=\"panel-grid-cell\" ><div id=\"panel-1987-4-0-0\" class=\"so-panel widget panel-first-child panel-last-child\" data-index=\"11\" ><div class=\"panel-widget-style panel-widget-style-for-1987-4-0-0\" ><\/div><\/div><\/div><div id=\"pgc-1987-4-1\"  class=\"panel-grid-cell\" ><div id=\"panel-1987-4-1-0\" class=\"so-panel widget widget_text panel-first-child panel-last-child\" data-index=\"12\" ><div class=\"panel-widget-style panel-widget-style-for-1987-4-1-0\" >\t\t\t<div class=\"textwidget\"><p>\u00c0 l\u2019\u00e9chelle internationale et sur le terrain, via plus de 60 r\u00e9seaux locaux, le Global Compact des Nations Unies guide les entreprises pour qu\u2019elles s\u2019am\u00e9liorent en op\u00e9rant d\u2019une mani\u00e8re responsable, en menant des actions ambitieuses et en faisant entendre la voix des organisations lors des dialogues avec les dirigeants mondiaux. Il existe trois niveaux d\u2019engagement qui sont adapt\u00e9s aux besoins de votre entreprise : <strong>Signataire, Participant ou Lead<\/strong><\/p>\n<\/div>\n\t\t<\/div><\/div><\/div><\/div><\/div><div id=\"pg-1987-5\"  class=\"panel-grid panel-has-style\" ><div class=\"siteorigin-panels-stretch panel-row-style panel-row-style-for-1987-5\" data-stretch-type=\"padding-5\" ><div id=\"pgc-1987-5-0\"  class=\"panel-grid-cell\" ><div id=\"panel-1987-5-0-0\" class=\"so-panel widget panel-first-child\" data-index=\"13\" ><\/div><div id=\"panel-1987-5-0-1\" class=\"so-panel widget widget_text panel-last-child\" data-index=\"14\" ><div class=\"panel-widget-style panel-widget-style-for-1987-5-0-1\" >\t\t\t<div class=\"textwidget\"><p>Les signataires s\u2019engagent activement au niveau national ou r\u00e9gional envers le Global Compact des Nations Unies. Les signataires b\u00e9n\u00e9ficient des ressources suivantes :<\/p>\n<ol>\n<li>Un acc\u00e8s basique \u00e0 la plateforme num\u00e9rique et aux outils du Global Compact des Nations Unies<\/li>\n<li>Des opportunit\u00e9s pour s\u2019engager pleinement aupr\u00e8s du r\u00e9seau local du Global Compact Tunisie<\/li>\n<li>Un acc\u00e8s complet aux activit\u00e9s et ressources en Tunisie\u00a0:<\/li>\n<\/ol>\n<ul>\n<li>Coaching Communication sur le Progr\u00e8s (COP) basique<\/li>\n<li>Invitation aux groupes de travail<\/li>\n<li>Invitations aux webinaires<\/li>\n<li>Acc\u00e8s au biblioth\u00e8que documentaire d\u00e9di\u00e9e pour les signataires<\/li>\n<li>Invitations aux \u00e9v\u00e8nements organis\u00e9s par le r\u00e9seau Global Compact Tunisie<\/li>\n<li>Mise en r\u00e9seau<\/li>\n<\/ul>\n<\/div>\n\t\t<\/div><\/div><\/div><div id=\"pgc-1987-5-1\"  class=\"panel-grid-cell\" ><div id=\"panel-1987-5-1-0\" class=\"so-panel widget panel-first-child\" data-index=\"15\" ><\/div><div id=\"panel-1987-5-1-1\" class=\"so-panel widget widget_text panel-last-child\" data-index=\"16\" ><div class=\"panel-widget-style panel-widget-style-for-1987-5-1-1\" >\t\t\t<div class=\"textwidget\"><p>Les participants s\u2019engagent activement aux niveaux mondial, national ou r\u00e9gional envers le Global Compact des nations unies. Les participants b\u00e9n\u00e9ficient des ressources suivantes :<\/p>\n<ul>\n<li>Un acc\u00e8s complet \u00e0 la plateforme num\u00e9rique et aux outils du Global Compact des nations unies.<\/li>\n<li>Un acc\u00e8s complet aux ressources et activit\u00e9s en Tunisie<\/li>\n<li>Des opportunit\u00e9s pour s\u2019engager pleinement aupr\u00e8s du r\u00e9seau local du Global Compact Tunisie<\/li>\n<li>Personnalisation de l\u2019accompagnement en Tunisie<\/li>\n<li>Coaching COP Advanced<\/li>\n<li>Interventions en entreprise<\/li>\n<li>Acc\u00e8s prioritaire aux \u00e9v\u00e8nements internationaux<\/li>\n<li style=\"list-style-type: none;\">Le niveau participant est id\u00e9al pour les entreprises leaders, mais \u00e9galement pour les entreprises d\u00e9butantes, qui cherchent \u00e0 acc\u00e9l\u00e9rer leurs efforts en termes de d\u00e9veloppement durable et \u00e0 a augmenter leur impact dans le monde.<\/li>\n<\/ul>\n<\/div>\n\t\t<\/div><\/div><\/div><div id=\"pgc-1987-5-2\"  class=\"panel-grid-cell\" ><div id=\"panel-1987-5-2-0\" class=\"so-panel widget panel-first-child\" data-index=\"17\" ><\/div><div id=\"panel-1987-5-2-1\" class=\"so-panel widget widget_text panel-last-child\" data-index=\"18\" ><div class=\"panel-widget-style panel-widget-style-for-1987-5-2-1\" >\t\t\t<div class=\"textwidget\"><p>Une entreprise r\u00e9pondant aux crit\u00e8res suivants sera \u00e9ligible pour la reconnaissance <strong>Lead<\/strong> :<\/p>\n<ul>\n<li>\u00catre identifi\u00e9 par le Global Compact comme leader sur les questions de Responsabilit\u00e9 Soci\u00e9tale<\/li>\n<li>S\u2019engager au Global Compact en tant que <strong>Participant<\/strong><\/li>\n<li>Participer \u00e0 au moins <strong>deux plateformes d\u2019actions <\/strong><\/li>\n<li>Se soumettre \u00e0 un contr\u00f4le d\u2019int\u00e9grit\u00e9 du Global Compact<\/li>\n<li>Publier sa <strong>COP au niveau Advanced<\/strong><\/li>\n<\/ul>\n<p>Les entreprises <strong>Lead<\/strong> profiteront des avantages suivants :<\/p>\n<ul>\n<li>Invitation aux \u00e9v\u00e8nements sp\u00e9ciaux et reconnaissance des entreprises Lead<\/li>\n<li>M\u00e9diatisation et visibilit\u00e9 sur le site du Global Compact<\/li>\n<li>Possibilit\u00e9s de prise de parole lors des \u00e9v\u00e8nements du Global Compact<\/li>\n<li>\u00a0Utilisation exclusive du logo \u00ab LEAD \u00bb.<\/li>\n<li>R\u00f4le de conseil aupr\u00e8s du Global Compact sur des enjeux strat\u00e9giques et actuels<\/li>\n<\/ul>\n<\/div>\n\t\t<\/div><\/div><\/div><\/div><\/div><div id=\"pg-1987-6\"  class=\"panel-grid panel-no-style\" ><div id=\"pgc-1987-6-0\"  class=\"panel-grid-cell\" ><div id=\"panel-1987-6-0-0\" class=\"so-panel widget panel-first-child\" data-index=\"19\" ><\/div><div id=\"panel-1987-6-0-1\" class=\"so-panel widget widget_text panel-last-child\" data-index=\"20\" ><div class=\"panel-widget-style panel-widget-style-for-1987-6-0-1\" >\t\t\t<div class=\"textwidget\"><p>Pour adh\u00e9rer au Global Compact des Nations Unies, il faut obligatoirement repr\u00e9senter une personne morale de plus de 10 salari\u00e9s. Les organisations de moins de 10 salari\u00e9s peuvent n\u00e9anmoins nous rejoindre en attendant de pouvoir le faire au niveau international.<\/p>\n<p>Le processus d\u2019adh\u00e9sion pour une entreprise n\u2019est pas le m\u00eame que pour une organisation \u00e0 but non lucratif. Nous vous invitons \u00e0 suivre nos guides \u00ab Rejoindre le Global Compact \u00bb disponibles dans nos ressources documentaires.<\/p>\n<\/div>\n\t\t<\/div><\/div><\/div><\/div><div id=\"pg-1987-7\"  class=\"panel-grid panel-has-style\" ><div class=\"siteorigin-panels-stretch panel-row-style panel-row-style-for-1987-7\" data-stretch-type=\"padding-5\" ><div id=\"pgc-1987-7-0\"  class=\"panel-grid-cell panel-grid-cell-empty\" ><\/div><div id=\"pgc-1987-7-1\"  class=\"panel-grid-cell\" ><div id=\"panel-1987-7-1-0\" class=\"so-panel widget panel-first-child panel-last-child\" data-index=\"21\" ><\/div><\/div><div id=\"pgc-1987-7-2\"  class=\"panel-grid-cell panel-grid-cell-mobile-last\" ><div id=\"panel-1987-7-2-0\" class=\"so-panel widget panel-first-child panel-last-child\" data-index=\"22\" ><\/div><\/div><div id=\"pgc-1987-7-3\"  class=\"panel-grid-cell panel-grid-cell-empty\" ><\/div><\/div><\/div><\/div>","protected":false},"excerpt":{"rendered":"<p>Le Global Compact des Nations Unies fournit un cadre universel pour la responsabilit\u00e9 des entreprises et constitue un guide pour toutes les entreprises ind\u00e9pendamment de leur taille, complexit\u00e9 ou leur emplacement afin d\u2019\u00e9valuer, d\u00e9finir, mettre en \u0153uvre, mesurer et communiquer leurs strat\u00e9gies de d\u00e9veloppement durable. Mettre en valeur les actions de votre entreprise en faveur [&hellip;]<\/p>\n","protected":false},"author":1,"featured_media":0,"parent":0,"menu_order":0,"comment_status":"closed","ping_status":"closed","template":"","meta":{"_price":"","_stock":"","_tribe_ticket_header":"","_tribe_default_ticket_provider":"","_tribe_ticket_capacity":"0","_ticket_start_date":"","_ticket_end_date":"","_tribe_ticket_show_description":"","_tribe_ticket_show_not_going":false,"_tribe_ticket_use_global_stock":"","_tribe_ticket_global_stock_level":"","_global_stock_mode":"","_global_stock_cap":"","_tribe_rsvp_for_event":"","_tribe_ticket_going_count":"","_tribe_ticket_not_going_count":"","_tribe_tickets_list":[],"_tribe_ticket_has_attendee_info_fields":false,"footnotes":""},"class_list":["post-1987","page","type-page","status-publish","hentry","post"],"ticketed":false,"_links":{"self":[{"href":"https:\/\/www.globalcompact-tunisia.org\/index.php\/wp-json\/wp\/v2\/pages\/1987","targetHints":{"allow":["GET"]}}],"collection":[{"href":"https:\/\/www.globalcompact-tunisia.org\/index.php\/wp-json\/wp\/v2\/pages"}],"about":[{"href":"https:\/\/www.globalcompact-tunisia.org\/index.php\/wp-json\/wp\/v2\/types\/page"}],"author":[{"embeddable":true,"href":"https:\/\/www.globalcompact-tunisia.org\/index.php\/wp-json\/wp\/v2\/users\/1"}],"replies":[{"embeddable":true,"href":"https:\/\/www.globalcompact-tunisia.org\/index.php\/wp-json\/wp\/v2\/comments?post=1987"}],"version-history":[{"count":48,"href":"https:\/\/www.globalcompact-tunisia.org\/index.php\/wp-json\/wp\/v2\/pages\/1987\/revisions"}],"predecessor-version":[{"id":2908,"href":"https:\/\/www.globalcompact-tunisia.org\/index.php\/wp-json\/wp\/v2\/pages\/1987\/revisions\/2908"}],"wp:attachment":[{"href":"https:\/\/www.globalcompact-tunisia.org\/index.php\/wp-json\/wp\/v2\/media?parent=1987"}],"curies":[{"name":"wp","href":"https:\/\/api.w.org\/{rel}","templated":true}]}}